at is 4 - -12207?
12212
In base 3, what is -1 + -2100?
-2101
In base 14, what is -5 - 1d?
-24
In base 2, what is -11101 + 11?
-11010
In base 12, what is 4 - 885?
-881
In base 4, what is 103031 - 11?
103020
In base 7, what is 43 - 6?
34
In base 15, what is 12 - 40?
-2d
In base 15, what is 7 - 6d2?
-6ca
In base 10, what is -1 - 3?
-4
In base 5, what is -10 - -14?
4
In base 2, what is 11000 - 1?
10111
In base 4, what is -2302 + -1?
-2303
In base 6, what is 5 - 52?
-43
In base 4, what is 11 + -123311?
-123300
In base 14, what is -2 - 8?
-a
In base 10, what is 18 + -16?
2
In base 11, what is -87 + 3?
-84
In base 9, what is -8 - 383?
-402
In base 11, what is 0 - 28a?
-28a
In base 2, what is 1111 - -110?
10101
In base 2, what is -10101001 + 10?
-10100111
In base 5, what is 2001 - 13?
1433
In base 6, what is -113 - 421?
-534
In base 7, what is 24064 + 0?
24064
In base 10, what is 1733 + -4?
1729
In base 7, what is 1 - -456?
460
In base 3, what is -11 - -10112122?
10112111
In base 10, what is 2 + -44?
-42
In base 6, what is 45 + -33?
12
In base 14, what is -3c1 + -1?
-3c2
In base 6, what is -45124 + 2?
-45122
In base 7, what is 0 - 64?
-64
In base 8, what is -1 - 337?
-340
In base 4, what is -3 + 1310?
1301
In base 8, what is 127 - -212?
341
In base 12, what is -10 + -1?
-11
In base 6, what is -131 - -1?
-130
In base 2, what is -101 - 101110001?
-101110110
In base 16, what is -1ca + -2?
-1cc
In base 8, what is 331 + -3?
326
In base 10, what is 12 + -5?
7
In base 16, what is 2 + 68?
6a
In base 7, what is 4 + -331?
-324
In base 6, what is -2045 - 5?
-2054
In base 8, what is 7 - 257?
-250
In base 16, what is -13f2 - 4?
-13f6
In base 13, what is 7 + -2?
5
In base 6, what is -5 - -1?
-4
In base 13, what is -a - -443?
436
In base 10, what is -234 + 1?
-233
In base 6, what is -12 + 23?
11
In base 11, what is -a4 - 0?
-a4
In base 7, what is -221 - 3?
-224
In base 6, what is 1045 - 3?
1042
In base 5, what is 2 - -2002?
2004
In base 3, what is -111 - 221001?
-221112
In base 3, what is -201011 + -1?
-201012
In base 15, what is 22 + -21?
1
In base 8, what is 671 - -13?
704
In base 14, what is -ac - 2?
-b0
In base 12, what is 6a - -7?
75
In base 10, what is 6 - 1568?
-1562
In base 6, what is 152 + 10?
202
In base 8, what is 163 + -23?
140
In base 16, what is 6b + -3?
68
In base 4, what is -20 - -2131?
2111
In base 16, what is 7a - -17?
91
In base 12, what is a + -a8?
-9a
In base 13, what is -1a + 46?
29
In base 13, what is -7 + -25?
-2c
In base 16, what is -53 - a?
-5d
In base 3, what is -1000112 + -1?
-1000120
In base 13, what is 0 - -240?
240
In base 6, what is -1152 - 3?
-1155
In base 11, what is -a7 + 1a?
-88
In base 2, what is -1000 - -1?
-111
In base 14, what is -2a - 3?
-2d
In base 3, what is 2002 + -122?
1110
In base 8, what is -675 - 5?
-702
In base 15, what is -20 - -cd?
ad
In base 7, what is -223 - 112?
-335
In base 5, what is -4 + -2331?
-2340
In base 16, what is -d + 26?
19
In base 6, what is -351 + 0?
-351
In base 3, what is -2211 - -120?
-2021
In base 11, what is 9 - -3?
11
In base 9, what is -113 - 2?
-115
In base 15, what is 4c8 + 2?
4ca
In base 5, what is 1320 + 2?
1322
In base 7, what is -342 + 5?
-334
In base 15, what is 9 - 208?
-1ee
In base 14, what is -8 - 15?
-1d
In base 4, what is -133 + -133?
-332
In base 10, what is 27 - -18?
45
In base 2, what is -1010010 - -11?
-1001111
In base 16, what is 2107 - -1?
2108
In base 2, what is 11 - -1010011011110?
1010011100001
In base 4, what is -20 + -11323?
-12003
In base 12, what is -17 - 4?
-1b
In base 11, what is 1 - -2268?
2269
In base 16, what is c - d8?
-cc
In base 3, what is 2 - -1211110?
1211112
In base 16, what is f - -30?
3f
In base 10, what is 11 - 237?
-226
In base 14, what is -1a - 1?
-1b
In base 13, what is -7 + -5?
-c
In base 14, what is 1bd + 3?
1c2
In base 10, what is 3313 + 2?
3315
In base 3, what is -121 - -10?
-111
In base 8, what is 5 - 526?
-521
In base 15, what is -6a31 + 1?
-6a30
In base 2, what is -10000 + 1010?
-110
In base 13, what is -3 + 20?
1a
In base 9, what is 256 - -22?
278
In base 14, what is -2 + -10b?
-10d
In base 12, what is 4b09 + -5?
4b04
In base 14, what is 3 - -a4?
a7
In base 14, what is -5 + -a5?
-aa
In base 15, what is -1 + 5b0?
5ae
In base 12, what is 3 - 2276?
-2273
In base 13, what is 8 + a3?
ab
In base 16, what is 0 - -201?
201
In base 11, what is 82 - 3?
7a
In base 4, what is -112333 - 1?
-113000
In base 7, what is -10 - 103?
-113
In base 4, what is 2 - -231?
233
In base 5, what is 22142 - -22?
22214
In base 13, what is 7 - 83a?
-833
In base 9, what is -771 + 5?
-765
In base 8, what is 0 - 11?
-11
In base 7, what is 155 - 0?
155
In base 8, what is -5 + -2436?
-2443
In base 3, what is 12 - 2112?
-2100
In base 12, what is -5 + -53?
-58
In base 10, what is -4 + 4?
0
In base 6, what is 2 + 1421?
1423
In base 14, what is 2 + -375?
-373
In base 7, what is 145 + -45?
100
In base 6, what is -2 + -12302?
-12304
In base 8, what is 10 - 16?
-6
In base 7, what is -211 + 0?
-211
In base 8, what is 1 - -71?
72
In base 7, what is 2031 + -1?
2030
In base 12, what is -11 - -23?
12
In base 8, what is 6 + -530?
-522
In base 16, what is -5 - -e?
9
In base 5, what is 2 - -40?
42
In base 12, what is -61 - 17?
-78
In base 6, what is 1540 + 0?
1540
In base 9, what is -4 - 1022?
-1026
In base 11, what is 0 - 57?
-57
In base 15, what is -2 - -64?
62
In base 9, what is 3 - 112?
-108
In base 7, what is -26352 - 2?
-26354
In base 9, what is 2 + -53?
-51
In base 13, what is 894 - 1?
893
In base 4, what is -31 + -11333?
-12030
In base 8, what is -20 + 24?
4
In base 15, what is -3 + dc?
d9
In base 12, what is -150 + 3?
-149
In base 15, what is 4 - 22c?
-228
In base 14, what is -5 + -80?
-85
In base 4, what is 1 - -222?
223
In base 4, what is -12010 + -110?
-12120
In base 13, what is -3 + -1ca4?
-1ca7
In base 9, what is 21 - -4?
25
In base 3, what is 12 - -1212?
2001
In base 14, what is -5 + 30?
29
In base 8, what is 14 + -1007?
-773
In base 6, what is -4 + 1223?
1215
In base 10, what is 0 - -2619?
2619
In base 15, what is -108 - 4?
-10c
In base 6, what is 4002 - 11?
3551
In base 9, what is -1 - 15?
-16
In base 16, what is -19 + 20?
7
In base 8, what is 403 + 1?
404
In base 16, what is -2 + 29?
27
In base 16, what is ab + -1?
aa
In base 15, what is -1 + 257?
256
In base 14, what is -13 - -11d?
10a
In base 2, what is -100 - -100110110101?
100110110001
In base 9, what is -4 + -31?
-35
In base 5, what is -201 + -1?
-202
In base 9, what is 11 + 52?
63
In base 8, what is -11 + 37?
26
In base 16, what is -17 + 2a?
13
In base 16, what is 1e + -1?
1d
In base 7, what is -112 - -4?
-105
In base 3, what is 10 - 201?
-121
In base 13, what is 183 + -28?
158
In base 7, what is 44462 - 5?
44454
In base 2, what is -10111110 - -100010?
-10011100
In base 8, what is -151 - 371?
-542
In base 7, what is -2142 + -2?
-2144
In base 16, what is 4 + -1e?
-1a
In base 11, what is 94a3 + -5?
9499
In base 6, what is -1 - 534?
-535
In base 5, what is 2 - -423?
430
In base 3, what is -10221 - -12?
-10202
In base 12, what is 8 - -7?
13
In base 5, what is -1324 - 32?
-1411
In base 2, what is -1011101 + -100?
-1100001
In base 8, what is -16 + -14?
-32
In base 13, what is 4c - 1c?
30
In base 16, what is -3 - -d8c?
d89
In base 8, what is -46 - 32?
-100
In base 6, what is -25500 - -2?
-25454
In base 14, what is -4 - 75?
-79
In base 4, what is 22 - -2310?
2332
In base 11, what is -7 + -53?
-5a
In base 9, what is -3506 - 3?
-3510
In base 6, what is -1 - 344?
-345
In base 14, what is 5 + c?
13
In base 13, what is 0 + -98?
-98
In base 16, what is 5 - 62?
-5d
In base 4, what is -20 - 1200?
-1220
In base 3, what is 1222012 + -10?
1222002
In base 15, what is 5 + -6d?
-68
In base 4, what is 13110 + -10?
13100
In base 9, what is -1 + -110?
-111
In base 5, what is 1 - 1032?
-1031
In base 16, what is -853 + -6?
-859
In base 12, what is -a90 - -3?
-a89
In base 14, what is -3 + -3?
-6
In base 14, what is 69 + -4?
65
In base 7, what is -1 - 51?
-52
In base 8, what is 13 - -51?
64
In base 6, what is -1 + 1050?
1045
In base 7, what is -3 + -2020?
-2023
In base 4, what is 2220 - -220?
3100
In base 3, what is -1 + -122020?
-122021
In base 15, what is 27 - -a0?
c7
In base 2, what is -1 + 1001010?
1001001
In base 14, what is -abd - 1?
-ac0
